1 + 12211?
102202
In base 11, what is 14209 - -32?
14240
In base 13, what is 6720c - 1?
6720b
In base 2, what is -1111001110010111 - 101?
-1111001110011100
In base 14, what is -6bc144 + -2?
-6bc146
In base 12, what is 7 - 23146?
-2313b
In base 2, what is -10111110110100111110 + -101?
-10111110110101000011
In base 9, what is 12687 - -1?
12688
In base 12, what is -854 + 15?
-83b
In base 8, what is 130 + -200?
-50
In base 5, what is 0 - -100143?
100143
In base 11, what is 31 + 298?
319
In base 10, what is 2 + 2172?
2174
In base 5, what is 140414 - 0?
140414
In base 15, what is 1a6b + -6?
1a65
In base 13, what is 3aa + 146?
523
In base 3, what is -10 + 111111222?
111111212
In base 12, what is 57a - -35?
5b3
In base 9, what is 134 + -773?
-638
In base 15, what is -7375 + -5d?
-73d3
In base 8, what is 270 - 3244?
-2754
In base 7, what is -5402253 + 0?
-5402253
In base 14, what is -cc3b - 5?
-cc42
In base 14, what is 2c - 424?
-3d6
In base 8, what is 10 + 36237?
36247
In base 9, what is -3 - 2345?
-2348
In base 11, what is -1 + 13316?
13315
In base 11, what is -1062 - -3a?
-1023
In base 3, what is -11 - 101210022020?
-101210022101
In base 10, what is -3 - 17399?
-17402
In base 13, what is 3721a - -b?
37228
In base 7, what is 45531 + -252?
45246
In base 10, what is -1447 + -151?
-1598
In base 8, what is 44030 + -171?
43637
In base 7, what is -4 - 150201?
-150205
In base 2, what is 10110101101101 - 1100?
10110101100001
In base 6, what is 4 + -33045?
-33041
In base 5, what is -3 + -3040?
-3043
In base 8, what is -325 - 1606?
-2133
In base 15, what is 1d - da0?
-d82
In base 2, what is 1101011101 - -110101?
1110010010
In base 10, what is 33 - -10237?
10270
In base 9, what is 2714 - 33?
2671
In base 3, what is -211111010101 - 0?
-211111010101
In base 8, what is 12 - 5244?
-5232
In base 13, what is -129 + -b1?
-20a
In base 7, what is -4526 - -26?
-4500
In base 6, what is 202 + -22053?
-21451
In base 2, what is 101 - 10000111010110001?
-10000111010101100
In base 14, what is -2 + 3484?
3482
In base 5, what is 2 + -322230?
-322223
In base 2, what is 11 - 101100000101011?
-101100000101000
In base 2, what is -10 - -10001001010000110?
10001001010000100
In base 5, what is -23 - 41122?
-41200
In base 16, what is -3 - 58c?
-58f
In base 6, what is 45411 + 102?
45513
In base 15, what is -6 + -1c770?
-1c776
In base 11, what is 4 - -22a87?
22a90
In base 5, what is -4123034 + 4?
-4123030
In base 5, what is -1111241020 - -10?
-1111241010
In base 9, what is -16487 - -122?
-16365
In base 11, what is -6 + 109?
103
In base 7, what is 3061110 - -4?
3061114
In base 4, what is -3213000211 + 2?
-3213000203
In base 2, what is 101010 - -1101010000?
1101111010
In base 12, what is -a0bb6 - -1?
-a0bb5
In base 3, what is -121201 - 20221?
-212122
In base 9, what is 2221551 + 4?
2221555
In base 12, what is 7435 - 48?
73a9
In base 11, what is 386a1 - 0?
386a1
In base 2, what is 1100000111011 + 101?
1100001000000
In base 6, what is -54 + 250344?
250250
In base 4, what is 1033201 + 103?
1033310
In base 8, what is 427 + 1703?
2332
In base 16, what is 928 + -2d?
8fb
In base 6, what is -433052 - 34?
-433130
In base 6, what is -413021 + -4?
-413025
In base 12, what is a + 7647?
7655
In base 6, what is -1423 - 10121?
-11544
In base 14, what is -88 - 5acb?
-5b75
In base 11, what is 68 + -274?
-207
In base 11, what is -397 + -25?
-411
In base 2, what is 100 + -100011111111000?
-100011111110100
In base 15, what is -b95 - -5ab?
-5d9
In base 13, what is 60a + 235?
842
In base 8, what is -6575 + -6?
-6603
In base 16, what is -a5c33 + -1?
-a5c34
In base 6, what is -122 - 12151?
-12313
In base 15, what is 11 - 8b?
-7a
In base 7, what is -4256061 - 5?
-4256066
In base 4, what is 11 - 21310000?
-21303323
In base 4, what is -3312 + -3?
-3321
In base 3, what is -102 - 101210000?
-101210102
In base 13, what is -57c2 - 145?
-5937
In base 10, what is -706 - 1?
-707
In base 7, what is -1635444 + -3?
-1635450
In base 10, what is -684 - 163?
-847
In base 2, what is -100101100 - 1001011?
-101110111
In base 12, what is 59107 + -1?
59106
In base 6, what is -102 - -11511?
11405
In base 12, what is -5ba1 + 15?
-5b88
In base 7, what is -50214 - -56?
-50125
In base 14, what is -1287 - -26?
-1261
In base 5, what is 1301 + -21102?
-14301
In base 2, what is -10 - 101101111010001?
-101101111010011
In base 10, what is 241 + -285?
-44
In base 3, what is 210122021110 + 1?
210122021111
In base 11, what is -9 - 42898?
-428a6
In base 7, what is 0 - 36436?
-36436
In base 8, what is -201 - 17?
-220
In base 13, what is -8b4 - 104b?
-1932
In base 7, what is 2220642 + 2?
2220644
In base 9, what is -5 - 26764?
-26770
In base 6, what is 1032 - -424322?
425354
In base 10, what is 247 + -211?
36
In base 15, what is -21 + 2ae7?
2ac6
In base 15, what is -5 + -8a?
-90
In base 11, what is a515 - 13?
a502
In base 14, what is -cd7 + -18c?
-1085
In base 7, what is -136 - 44301?
-44440
In base 10, what is -218 - 6?
-224
In base 4, what is 131032112 - -11?
131032123
In base 15, what is 2e6 + 881?
b77
In base 4, what is -1033221 - 13?
-1033300
In base 7, what is 226520 - -2?
226522
In base 14, what is -564 - 26?
-58a
In base 5, what is 3241 + -2332?
404
In base 10, what is -1195 + -722?
-1917
In base 16, what is 0 - 37bf1?
-37bf1
In base 16, what is -2 - -57c4?
57c2
In base 15, what is -4 + -6013?
-6017
In base 9, what is 20 - -667?
687
In base 14, what is 35508 - -1?
35509
In base 13, what is -2 - -b8176?
b8174
In base 8, what is -4507 + -15?
-4524
In base 13, what is 5 + -493cc?
-493c7
In base 13, what is c44 - -5?
c49
In base 13, what is 18 + 339?
354
In base 15, what is -23 - 17e2d?
-17e51
In base 8, what is -1020373 - -2?
-1020371
In base 15, what is 1c - 553?
-536
In base 16, what is 836e - 2?
836c
In base 13, what is 558 + -52c?
29
In base 14, what is -16 - -343?
32b
In base 12, what is -4940 + -10?
-4950
In base 13, what is 0 - 14c064?
-14c064
In base 3, what is 2 - 1101101110?
-1101101101
In base 4, what is -103120 - 12?
-103132
In base 5, what is -113141434 - 3?
-113141442
In base 9, what is -86 + -1675?
-1772
In base 6, what is 3 + -21215445?
-21215442
In base 4, what is 11 - 321?
-310
In base 4, what is 311201223 + -1?
311201222
In base 16, what is -36436 + -4?
-3643a
In base 5, what is 3 + -2033221?
-2033213
In base 5, what is -14112 - 1242?
-20404
In base 11, what is -44 + -4a2a5?
-4a339
In base 2, what is 100 + 11011000011100101?
11011000011101001
In base 12, what is -1 - 63ab?
-63b0
In base 2, what is 111110101000 + -11?
111110100101
In base 12, what is 12 - -23677?
23689
In base 3, what is 0 + 20000022201?
20000022201
In base 16, what is 4 + -10692?
-1068e
In base 11, what is 1 - 38a4?
-38a3
In base 11, what is -12 + -12852?
-12864
In base 9, what is -6 - 5401?
-5407
In base 12, what is 7800b + 0?
7800b
In base 10, what is 1402 - -581?
1983
In base 11, what is 1500037 - 5?
1500032
In base 13, what is 4ab4a - -1?
4ab4b
In base 11, what is 274 + -1a8?
77
In base 6, what is -2 + -1212030?
-1212032
In base 4, what is -213 - -311213?
311000
In base 14, what is -5 - 2b67?
-2b6c
In base 5, what is -14 - 31021420?
-31021434
In base 9, what is -4 - 264286?
-264301
In base 16, what is 5a7 - -208?
7af
In base 2, what is 100110010 - -1000010?
101110100
In base 5, what is -10001 - -12432?
2431
In base 14, what is c4d88 - -4?
c4d8c
In base 12, what is 50 + 17a?
20a
In base 4, what is -322330 + 10311?
-312013
In base 11, what is 4a - 619?
-57a
In base 8, what is -67105 - -37?
-67046
In base 2, what is -11 + -1001011011100101?
-1001011011101000
In base 4, what is 1 - 2330232?
-2330231
In base 4, what is 323223 + -1121?
322102
In base 9, what is 154 + -175?
-21
In base 12, what is 499 + -652?
-175
In base 16, what is -efd3 - -5?
-efce
In base 6, what is -5333012 + -1?
-5333013
In base 14, what is -33d7 - 40?
-3437
In base 14, what is -187d + 10?
-186d
In base 6, what is -21 - -1422?
1401
In base 13, what is -3 - a8b9?
-a8bc
In base 15, what is -20624 + 2?
-20622
In base 12, what is -35517 + 5?
-35512
In base 11, what is 1350 + 48?
1398
In base 12, what is 6 - 4791?
-4787
In base 8, what is -3 - 14425?
-14430
In base 4, what is -10302133 + 13?
-10302120
In base 8, what is 17 - -1312?
1331
In base 6, what is -2 + -221540?
-221542
In base 6, what